r(-25).
-17
Let f(s) = -s**3 - 4*s**2 + 268*s + 270. Give f(-1).
-1
Let g(y) = -2*y**2 - 74*y + 229. Give g(3).
-11
Let z(a) = -747*a - 753. What is z(-1)?
-6
Let t(g) = -g**2 - 197*g - 4883. Calculate t(-29).
-11
Let w(v) = -38*v + 2244. What is w(59)?
2
Let b(i) = -2*i**3 + 43*i**2 + 31*i - 61. Determine b(22).
137
Let a(r) = -r**3 + 6*r**2 + 115*r - 736. Determine a(6).
-46
Let k(t) = -t**2 + 89*t + 175. Determine k(-2).
-7
Let j(i) = i**3 + 54*i**2 + 437*i - 11. Calculate j(-10).
19
Let l(z) = z**3 - 6*z**2 - 13*z - 1. Calculate l(5).
-91
Let r(b) = -64*b + 383. Determine r(6).
-1
Let w(d) = 41*d + 364. Give w(-9).
-5
Let s(q) = 21*q - 941. What is s(45)?
4
Let f(v) = -4*v**3 - 71*v**2 + 11*v - 123. What is f(-18)?
3
Let r(b) = -33440*b + 100326. Give r(3).
6
Let h(n) = -n**3 + 19*n**2 + 10*n + 59. Determine h(20).
-141
Let t(s) = s**3 + 45*s**2 + 234*s + 73. Determine t(-6).
73
Let g(v) = -209*v - 3767. What is g(-18)?
-5
Let w(b) = 7*b**2 - 705*b - 181. Determine w(101).
21
Let r(v) = 164*v - 2915. Calculate r(17).
-127
Let u(z) = 82*z - 786. Determine u(10).
34
Let m(v) = 278*v**2 - 7*v + 5. What is m(-1)?
290
Let q(f) = 75*f + 3391. Determine q(-43).
166
Let g(m) = 3*m**2 - 48*m - 259. Give g(-6).
137
Let x(i) = -14*i**2 + 90*i + 298. Give x(-3).
-98
Let v(t) = 124*t - 370. What is v(3)?
2
Let k(o) = -2*o**2 - 110*o + 39. Calculate k(-56).
-73
Let p(n) = -n**2 - 72*n - 921. Determine p(-56).
-25
Let o(z) = -693*z + 38130. Determine o(55).
15
Let k(t) = -2417*t + 2. Calculate k(0).
2
Let k(p) = p**2 + 23*p + 39. Calculate k(-12).
-93
Let u(q) = q**2 - 319*q - 125486. Calculate u(-229).
6
Let t(b) = -104*b - 1140. What is t(-11)?
4
Let o(y) = 115*y**2 - 1716*y - 24. Determine o(15).
111
Let v(a) = 19*a**2 + 1121*a - 21. Determine v(-59).
-21
Let l(y) = 4*y + 65. Determine l(-2).
57
Let q(w) = w**3 + 3*w**2 + 4*w + 10. What is q(6)?
358
Let o(b) = -b**2 - 126*b - 3617. What is o(-82)?
-9
Let j(a) = a**3 + 6*a**2 - 6*a + 26. Determine j(-7).
19
Let a(p) = -p**3 + 45*p**2 + 46*p - 16. What is a(46)?
-16
Let t(j) = j**3 + 28*j**2 - 36*j - 114. Give t(-29).
89
Let m(z) = -3*z**3 + 10*z**2 + 46*z + 25. Give m(6).
13
Let w(l) = -6*l**2 - 39*l - 59. Determine w(-4).
1
Let h(a) = 15*a + 214. Determine h(-13).
19
Let p(r) = -8*r**3 + 48*r**2 + 5*r + 1. Determine p(6).
31
Let f(w) = -316*w - 369. Determine f(-2).
263
Let k(a) = 23*a + 260. Calculate k(-15).
-85
Let u(g) = -157*g + 2095. Calculate u(13).
54
Let t(x) = 13*x**2 + 63*x - 10. Determine t(-6).
80
Let n(d) = 4*d**3 - 2*d**2 - 11*d + 76. Calculate n(5).
471
Let h(v) = 17*v**2 + 13*v - 26. What is h(5)?
464
Let x(n) = 2*n**3 + n**2 - 7*n + 19. Give x(0).
19
Let f(b) = -b**3 - 29*b**2 + 6*b + 163. What is f(-29)?
-11
Let s(a) = 3*a**2 - 117*a + 1041. Determine s(22).
-81
Let o(t) = 25*t + 134. Give o(-11).
-141
Let m(q) = q**3 - 18*q**2 - 78*q + 1153. Give m(19).
32
Let j(v) = -118*v + 3455. What is j(29)?
33
Let u(b) = 4*b**2 + 53*b + 1. Determine u(-13).
-12
Let h(l) = -62*l + 60. Give h(1).
-2
Let h(y) = -593*y + 4777. Calculate h(8).
33
Let t(o) = -3*o**2 - 27*o - 293. What is t(-12)?
-401
Let c(a) = -27*a**2 + 98*a - 25. Determine c(4).
-65
Let r(i) = -i**3 + 8*i**2 + 62*i - 446. What is r(6)?
-2
Let x(t) = t**2 - 102*t + 2334. What is x(66)?
-42
Let w(b) = -286*b + 1714. What is w(6)?
-2
Let v(h) = 8121*h - 48739. Give v(6).
-13
Let p(j) = j**2 + 1238*j + 27954. What is p(-23)?
9
Let k(j) = -j**3 + 5*j**2 + j + 38. Calculate k(7).
-53
Let w(c) = -c**3 - 10*c**2 + 3*c + 34. Calculate w(-7).
-134
Let g(t) = 61*t + 4133. What is g(-68)?
-15
Let f(x) = x**3 - 147*x**2 - 760*x - 21. Determine f(152).
-21
Let w(b) = b**3 - 32*b**2 - 169*b - 598. What is w(37)?
-6
Let a(w) = -12*w**2 + 26*w + 2. What is a(4)?
-86
Let j(o) = o**2 - 24*o - 6284. Calculate j(92).
-28
Let l(n) = n**2 - 66*n - 1293. What is l(82)?
19
Let b(j) = -j**3 + 125*j**2 + 788*j - 250. Give b(131).
12
Let u(g) = -g**3 - 13*g**2 - 34*g. Give u(-8).
-48
Let c(k) = -23*k**2 - 62*k - 16. Determine c(-5).
-281
Let n(j) = -473*j - 2382. What is n(-5)?
-17
Let m(s) = -s**2 + 39*s - 371. What is m(12)?
-47
Let t(q) = 2*q**3 + 62*q**2 + 63*q + 84. Determine t(-30).
-6
Let q(k) = -20*k**2 + 24*k - 50. Give q(3).
-158
Let q(u) = -2*u**2 - 1227*u - 10876. What is q(-9)?
5
Let n(x) = 57*x**2 + 5*x + 4. What is n(-1)?
56
Let p(x) = -53*x - 384. What is p(-8)?
40
Let f(p) = 379*p + 2455. Calculate f(-6).
181
Let l(v) = -11*v**3 + v**2 + 62*v + 61. Calculate l(-1).
11
Let s(k) = -9*k**3 + 13*k**2 + 122*k - 1. Determine s(-3).
-7
Let y(f) = -f**3 + 80*f**2 - 131*f - 1954. Give y(78).
-4
Let b(x) = 267*x**2 + 5*x - 3. Give b(1).
269
Let n(c) = -c**3 + 7*c**2 + 295. Calculate n(10).
-5
Let c(p) = -2*p**3 - 4*p**2 - 89*p - 170. What is c(-2)?
8
Let i(l) = -473*l - 2602. Determine i(-7).
709
Let z(g) = -17*g - 55. What is z(-3)?
-4
Let h(l) = -2*l**2 + 125*l - 464. Calculate h(58).
58
Let c(f) = -f**3 + 18*f**2 + 41*f + 7. Determine c(20).
27
Let y(t) = 7*t**2 + 143*t - 12. Determine y(-21).
72
Let o(s) = 2*s**3 - 9*s**2 - 14*s - 4. Calculate o(6).
20
Let a(y) = 3*y**2 + 52*y + 219. Determine a(-8).
-5
Let l(f) = -5*f**2 + 573*f + 820. Give l(116).
8
Let a(o) = o**2 + 10*o + 24. Calculate a(7).
143
Let v(m) = 10*m**3 + 393*m**2 + 853*m + 59. Calculate v(-37).
-15
Let u(m) = -m**3 + 16*m**2 - 35*m + 45. What is u(13)?
97
Let z(f) = 296*f + 5310. Give z(-18).
-18
Let q(k) = -18*k**2 - 2978*k - 1323. Calculate q(-165).
-3
Let y(f) = -96*f - 319. Determine y(-4).
65
Let h(g) = -3*g**2 + g - 6. Determine h(-5).
-86
Let a(u) = u**2 - 20*u - 516. Give a(-27).
753
Let y(g) = -2*g**3 - 9*g**2 - 28*g - 76. Give y(-3).
-19
Let x(h) = -10*h**3 + 44*h**2 + 9*h + 95. Calculate x(5).
-10
Let i(g) = -126*g**3 - g**2 + 10*g + 9. Give i(-1).
124
Let l(c) = c**3 + 92*c**2 + 259*c - 784. Calculate l(-89).
-72
Let n(f) = -f**2 + 23*f - 70. What is n(13)?
60
Let l(i) = -717*i**2 + 14339*i + 20. Determine l(20).
0
Let x(k) = -k**2 + 45*k + 250. What is x(-5)?
0
Let s(f) = 17*f**3 + 154*f**2 + 7*f - 14. Calculate s(-9).
4
Let g(q) = 6*q**2 + 6*q + 12. Calculate g(-3).
48
Let i(c) = -54*c - 3933. Calculate i(-73).
9
Let z(k) = -3*k**2 - 88*k + 52. What is z(-33)?
-311
Let g(l) = -l**2 - 77*l - 1129. Give g(-43).
333
Let g(u) = -u**3 + 3*u**2 + 18*u - 47. Calculate g(4).
9
Let z(q) = 11*q**2 - 103*q + 207. What is z(6)?
-15
Let k(b) = -b**2 - 96*b - 2530. What is k(-50)?
-230
Let u(a) = 2*a**2 - 6*a - 114. Determine u(0).
-114
Let m(v) = 5*v**3 - 5*v**2 + 9*v - 10. Give m(3).
107
Let l(q) = -q**3 - 25*q**2 - 120*q - 112. Calculate l(-19).
2
Let h(b) = 1834*b + 5503. Give h(-3).
1
Let a(f) = 66*f - 147. Calculate a(4).
117
Let s(u) = -239*u + 10996. Calculate s(46).
2
Let o(b) = -2*b**3 + 71*b**2 + 41*b - 299. What is o(36)?
-119
Let i(a) = a**3 + 5*a**2 - 3*a + 1. What is i(-3)?
28
Let b(j) = -15*j**2 - 237*j + 251. Give b(1).
-1
Let j(s) = 54*s + 475. Calculate j(-18).
-497
Let m(a) = -a**3 + 23*a**2 + 21*a + 19. Determine m(24).
-53
Let z(f) = -14*f - 177. Calculate z(-18).
75
Let x(l) = -l**3 + 44*l**2 - 467*l - 34. Give x(18).
-16
Let h(a) = -177*a + 7187. Determine h(40).
107
Let l(n) = -114*n - 2148. Determine l(-18).
-96
Let q(l) = -20*l - 95. Give q(-5).
5
Let d(g) = g**3 + 7*g**2 + g - 34. What is d(-6)?
-4
Let n(a) = a**2 - 42*a + 227. What is n(38)?
75
Let a(q) = 91*q + 58. What is a(2)?
240
Let o(a) = -a**3 + 164*a**2 + 2880*a. Give o(180).
0
Let i(k) = 18*k - 581. Determine i(31).
-23
Let x(b) = -3*b**3 + 21*b**2 + 7*b - 5. Calculate x(8).
-141
Let n(s) = -5*s**2 - 72*s - 138. Determine n(-12).
6
Let a(t) = 21*t**3 + 22*t**2 + 1. Give a(-1).
2
Let c(o) = 263*o**3 + 2*o**2 - o - 2. What is c(-1)?
-262
Let u(n) = 4932*n**2 + 44386*n - 13. Give u(-9).
5
Let f(w) = -877*w - 3505. Give f(-4).
3
Let l(d) = 8*d - 26. Determine l(8).
38
Let x(a) = -2*a**2 + 23*a + 41. What is x(12)?
29
Let j(b) = -3*b**2 - 53*b - 221. Determine j(-6).
-11
Let z(w) = 64*w + 1040. What is z(-16)?
16
Let f(u) = -2*u**2 + 394*u - 1943. Determine f(5).
-23
Let z(h) = 474*h + 24167. Determine z(-51).
-7
Let t(a) = -9*a**2 + 19*a + 4. What is t(1)?
14
Let r(h) = -h**3 - 27*h**2 - 81*h - 1128. Calculate r(-25).
-353
Let t(v) = -v**2 - 2*v + 68. What is t(-10)?
-12
Let m(g) = g**2 - 4*